s the millions digit of 35628801?
5
What is the hundreds digit of 790746548?
5
What is the millions digit of 101372838?
1
What is the units digit of 40960309?
9
What is the hundred thousands digit of 3646514463?
5
What is the units digit of 8227275925?
5
What is the tens digit of 244682763?
6
What is the ten millions digit of 36218015?
3
What is the tens digit of 113489137?
3
What is the units digit of 834856568?
8
What is the ten thousands digit of 178686043?
8
What is the billions digit of 1208354631?
1
What is the hundred thousands digit of 10829819?
8
What is the hundred thousands digit of 13579794?
5
What is the tens digit of 29851793?
9
What is the hundred thousands digit of 2325332?
3
What is the billions digit of 3978595990?
3
What is the hundreds digit of 167706702?
7
What is the hundred thousands digit of 187095277?
0
What is the hundred thousands digit of 348559529?
5
What is the ten millions digit of 816773816?
1
What is the hundreds digit of 551146811?
8
What is the thousands digit of 38049214?
9
What is the hundred millions digit of 115608888?
1
What is the thousands digit of 87653010?
3
What is the billions digit of 1642728924?
1
What is the hundreds digit of 331337220?
2
What is the hundred thousands digit of 47157180?
1
What is the thousands digit of 5570611?
0
What is the ten millions digit of 242022662?
4
What is the thousands digit of 45515472?
5
What is the thousands digit of 346209730?
9
What is the units digit of 260920257?
7
What is the hundred thousands digit of 55935877?
9
What is the tens digit of 1498926191?
9
What is the hundreds digit of 4826677489?
4
What is the hundred thousands digit of 153948485?
9
What is the units digit of 566309131?
1
What is the tens digit of 47162901?
0
What is the hundred thousands digit of 62679052?
6
What is the units digit of 64094816?
6
What is the hundreds digit of 580920537?
5
What is the tens digit of 433019320?
2
What is the hundred thousands digit of 689725659?
7
What is the hundred thousands digit of 38220680?
2
What is the hundreds digit of 156652721?
7
What is the ten thousands digit of 48131974?
3
What is the thousands digit of 110389548?
9
What is the hundreds digit of 235573451?
4
What is the ten millions digit of 14168674?
1
What is the millions digit of 117031491?
7
What is the billions digit of 1046286594?
1
What is the thousands digit of 21350547?
0
What is the tens digit of 173337668?
6
What is the ten millions digit of 2942097872?
4
What is the hundreds digit of 911627683?
6
What is the hundreds digit of 343591475?
4
What is the tens digit of 73633208?
0
What is the thousands digit of 679137894?
7
What is the hundred thousands digit of 115413517?
4
What is the ten thousands digit of 22212966?
1
What is the ten millions digit of 14756431?
1
What is the millions digit of 387508713?
7
What is the hundred millions digit of 1187019957?
1
What is the thousands digit of 904625869?
5
What is the hundred millions digit of 338137213?
3
What is the hundreds digit of 512290696?
6
What is the ten millions digit of 32229243?
3
What is the tens digit of 200956555?
5
What is the millions digit of 91324350?
1
What is the hundred thousands digit of 245467645?
4
What is the ten thousands digit of 10629502?
2
What is the hundred millions digit of 565146095?
5
What is the hundred thousands digit of 129688827?
6
What is the ten thousands digit of 107687280?
8
What is the thousands digit of 18747002?
7
What is the tens digit of 74000577?
7
What is the units digit of 8784051214?
4
What is the hundred thousands digit of 3885210782?
2
What is the ten thousands digit of 208677088?
7
What is the tens digit of 547158823?
2
What is the ten thousands digit of 517367775?
6
What is the hundred thousands digit of 246981227?
9
What is the thousands digit of 84571744?
1
What is the thousands digit of 1077032015?
2
What is the millions digit of 21719736?
1
What is the units digit of 406425317?
7
What is the tens digit of 22200837?
3
What is the hundred thousands digit of 7122053383?
0
What is the thousands digit of 6273365565?
5
What is the hundreds digit of 732071117?
1
What is the hundreds digit of 57424668?
6
What is the ten thousands digit of 127122622?
2
What is the ten millions digit of 7765033677?
6
What is the ten millions digit of 505962173?
0
What is the ten millions digit of 2825003666?
2
What is the tens digit of 194607805?
0
What is the millions digit of 173115822?
3
What is the ten thousands digit of 123460993?
6
What is the hundreds digit of 13537117?
1
What is the ten thousands digit of 1102609629?
0
What is the hundred millions digit of 143621627?
1
What is the millions digit of 287305829?
7
What is the units digit of 22537376?
6
What is the millions digit of 2533138698?
3
What is the ten thousands digit of 1335051253?
5
What is the ten millions digit of 2448395181?
4
What is the tens digit of 193421689?
8
What is the millions digit of 9042923?
9
What is the millions digit of 57524348?
7
What is the hundred millions digit of 194220719?
1
What is the units digit of 250627783?
3
What is the hundred thousands digit of 43902743?
9
What is the hundred thousands digit of 289403284?
4
What is the millions digit of 280193052?
0
What is the millions digit of 870204638?
0
What is the ten thousands digit of 2663107?
6
What is the millions digit of 1410053233?
0
What is the ten millions digit of 132403065?
3
What is the hundreds digit of 40128462?
4
What is the tens digit of 264228074?
7
What is the tens digit of 22780132?
3
What is the ten millions digit of 29428529?
2
What is the ten thousands digit of 70675514?
7
What is the millions digit of 790091371?
0
What is the ten millions digit of 282696971?
8
What is the ten thousands digit of 5597117023?
1
What is the hundred millions digit of 1143388373?
1
What is the units digit of 344103595?
5
What is the hundreds digit of 10710384?
3
What is the thousands digit of 250140965?
0
What is the ten millions digit of 583742820?
8
What is the ten thousands digit of 44692251?
9
What is the hundred millions digit of 406486726?
4
What is the hundred thousands digit of 102828908?
8
What is the hundred thousands digit of 1414936960?
9
What is the ten thousands digit of 12090543?
9
What is the hundred thousands digit of 355540276?
5
What is the thousands digit of 479147517?
7
What is the ten millions digit of 33688460?
3
What is the thousands digit of 42695014?
5
What is the millions digit of 1919280958?
9
What is the units digit of 614030598?
8
What is the ten millions digit of 134568146?
3
What is the hundreds digit of 10634756?
7
What is the units digit of 61628194?
4
What is the hundreds digit of 8353187?
1
What is the ten thousands digit of 151347593?
4
What is the tens digit of 131007476?
7
What is the hundred thousands digit of 213721005?
7
What is the ten thousands digit of 36114078?
1
What is the units digit of 43924752?
2
What is the hundred thousands digit of 189947567?
9
What is the hundred thousands digit of 119102650?
1
What is the tens digit of 23743902?
0
What is the units digit of 8848767?
7
What is the millions digit of 862677548?
2
What is the units digit of 817710255?
5
What is the hundred thousands digit of 17533464?
5
What is the ten millions digit of 391627082?
9
What is the hundred millions digit of 578993814?
5
What is the units digit of 423327909?
9
What is the hundreds digit of 96573029?
0
What is the ten thousands digit of 1007491363?
9
What is the thousands digit of 330529815?
9
What is the units digit of 750766304?
4
What is the units digit of 460981805?
5
What is the hundred thousands digit of 65428819?
4
What is the millions digit of 160472463?
0
What is the ten thousands digit of 604101045?
0
What is the hundred millions digit of 1513992389?
5
What is the hundred millions digit of 165769518?
1
What is the hundreds digit of 851990463?
4
What is the thousands digit of 6027179391?
9
What is the ten thousands digit of 9363082?
6
What is the hundred thousands digit of 79448076?
4
What is the hundreds digit of 6364119093?
0
What is the ten thousands digit of 793610546?
1
What is the millions digit of 74118456?
4
What is the thousands digit of 374327447?
7
What is the ten millions digit of 45399589?
4
What is the thousands digit of